{"id":67,"date":"2013-02-05T13:10:04","date_gmt":"2013-02-05T13:10:04","guid":{"rendered":"http:\/\/colsimon.co\/?page_id=67"},"modified":"2025-09-02T03:00:18","modified_gmt":"2025-09-02T03:00:18","slug":"grado-decimo","status":"publish","type":"page","link":"http:\/\/frajano.com\/simon\/informatica\/grado-decimo\/","title":{"rendered":"Grado D\u00e9cimo"},"content":{"rendered":"<p><em style=\"background-color: transparent; text-align: var(--text-align);\"><u><b>INFORM\u00c1TICA<\/b><\/u><\/em><\/p>\n<p><a href=\"https:\/\/frajano.com\/simon\/informatica\/proyectos-decimo\/\">Proyectos d\u00e9cimo 2025<\/a><\/p>\n<p><a href=\"https:\/\/frajano.com\/simon\/informatica\/auto-coevaluacion\/\">AUTO-COEVALUACI\u00d3N<\/a><\/p>\n<h5>\u00a0PERIODO I<\/h5>\n<p><em>INDICADORES DE LOGROS<\/em><\/p>\n<ol style=\"font-size: 16px; background-color: #ffffff;\">\n<li style=\"font-size: 16px;\">Desarrolla\u00a0Programas utilizando MOD, Porcentajes y condicionales en PSEint<\/li>\n<li style=\"font-size: 16px;\">Desarrolla proyecto con dise\u00f1o en 3D<\/li>\n<li style=\"font-size: 16px;\">Presenta oportunamente las actividades propuestas en clase.<\/li>\n<li style=\"font-size: 16px;\">Argumenta las lecturas tecnol\u00f3gicas propuestas<\/li>\n<li style=\"font-size: 16px;\">Cumple con las normas estipuladas en clase (\u00edtems auto y coevaluaci\u00f3n)<\/li>\n<\/ol>\n<p><a href=\"https:\/\/frajano.com\/simon\/informatica\/nivelacion-pseint\/\">NIVELACI\u00d3N<\/a><\/p>\n<p><a href=\"http:\/\/frajano.com\/simon\/informatica\/?page_id=1156\">Condicional<\/a><\/p>\n<p><a href=\"https:\/\/frajano.com\/simon\/informatica\/ejerpseint1_4\/\">Ejercicios de conversi\u00f3n<\/a><\/p>\n<p><a href=\"http:\/\/frajano.com\/simon\/informatica\/?page_id=1212\">M\u00d3DU<\/a>LO<\/p>\n<p><a href=\"https:\/\/frajano.com\/simon\/informatica\/multiplospseint\/\">Ejercicio de m\u00faltiplos<\/a><\/p>\n<p><a href=\"https:\/\/frajano.com\/simon\/informatica\/condicional-multiple-pseint\/\">Condicional M\u00faltiple en PSEINT<\/a><\/p>\n<h5 style=\"font-family: -apple-system, BlinkMacSystemFont, 'Segoe UI', Roboto, 'Helvetica Neue', Arial, 'Noto Sans', sans-serif, 'Apple Color Emoji', 'Segoe UI Emoji', 'Segoe UI Symbol', 'Noto Color Emoji'; color: #333333;\"><span style=\"color: #ff0000;\">PERIODO II<\/span><\/h5>\n<p><em><strong>Indicadores de logros<\/strong><\/em><\/p>\n<table style=\"width: 657px; height: 198px;\" cellspacing=\"0\" cellpadding=\"0\" align=\"left\">\n<tbody>\n<tr>\n<td style=\"border-color: rgba(128, 128, 128, 0.5); background-color: rgba(128, 128, 128, 0.07);\" align=\"left\" valign=\"top\">\n<ul>\n<li>Crea p\u00e1gina web con tema espec\u00edfico en equipo de trabajo colaborativo<\/li>\n<li>Agrega elementos de dise\u00f1o, texto, imagen y video a la p\u00e1gina web.<\/li>\n<li>Utiliza aplicaciones tecnol\u00f3gicas para editar im\u00e1genes y videos.<\/li>\n<li>Realiza las actividades de oralidad, lectura y escritura requeridas en la clase.<\/li>\n<li>Entrega oportunamente las actividades propuestas en el equipo de trabajo.<\/li>\n<li>Manifiesta actitudes\u00a0de respeto y de responsabilidad en\u00a0las clases<\/li>\n<\/ul>\n<\/td>\n<\/tr>\n<\/tbody>\n<\/table>\n\n\n<p><strong><em>Ejercicio1<\/em><\/strong><\/p>\n\n\n\n<ol>\n<li>En equipo elegir un tema del inter\u00e9s de la pareja de trabajo.<\/li>\n\n\n\n<li>Ingresar a <a href=\"https:\/\/es.wix.com\/\">es.Wix.com<\/a><\/li>\n\n\n\n<li>Ingresar con su correo de gmail.com<\/li>\n\n\n\n<li>Explorar cada uno de los tipos de p\u00e1gina web que brinda Wix<\/li>\n\n\n\n<li>Elegir uno de los tipos.<\/li>\n\n\n\n<li>Comenzar el dise\u00f1o de su p\u00e1gina web<\/li>\n\n\n\n<li>Mostrar los adelantos logrados en la clase para ser evaluados.<\/li>\n<\/ol>\n\n\n\n<p><b>\u00a1\u00a1Mucho \u00e1nimo <\/b><strong>y bendiciones!!<\/strong><\/p>\n\n\n\n<p><strong><em>PERIODO III<\/em><\/strong><\/p>\n\n\n\n<figure class=\"wp-block-table\"><table><tbody><tr><td><strong>INDICADORES DE LOGROS<\/strong><br>1.Reconoce y aplica los componentes de programaci\u00f3n de App Inventor.<br>2.Dise\u00f1a aplicaciones para m\u00f3vil en App Inventor<br>3.Argumenta las lecturas tecnol\u00f3gicas propuestas en clase.<br>4.Entrega oportunamente las actividades correspondientes en cada clase.<br>5.Manifiesta actitudes de respeto y de responsabilidad, teniendo cuenta puntualidad en las clases y fuera de estas.<\/td><td>Ejercicio1    Ejercicio2   Ejercicio3 <br><br>Ejercicio4    Ejercicio5   Ejercicio6<br><br>  <\/td><\/tr><\/tbody><\/table><\/figure>\n\n\n","protected":false},"excerpt":{"rendered":"<p>INFORM\u00c1TICA Proyectos d\u00e9cimo 2025 AUTO-COEVALUACI\u00d3N \u00a0PERIODO I INDICADORES DE LOGROS Desarrolla\u00a0Programas utilizando MOD, Porcentajes y condicionales en PSEint Desarrolla proyecto con dise\u00f1o en 3D Presenta oportunamente las actividades propuestas en clase. Argumenta las lecturas tecnol\u00f3gicas propuestas Cumple con las normas estipuladas en clase (\u00edtems auto y coevaluaci\u00f3n) NIVELACI\u00d3N Condicional Ejercicios de conversi\u00f3n M\u00d3DULO Ejercicio de [&hellip;]<\/p>\n","protected":false},"author":1,"featured_media":0,"parent":0,"menu_order":0,"comment_status":"closed","ping_status":"open","template":"","meta":{"footnotes":""},"_links":{"self":[{"href":"http:\/\/frajano.com\/simon\/informatica\/wp-json\/wp\/v2\/pages\/67"}],"collection":[{"href":"http:\/\/frajano.com\/simon\/informatica\/wp-json\/wp\/v2\/pages"}],"about":[{"href":"http:\/\/frajano.com\/simon\/informatica\/wp-json\/wp\/v2\/types\/page"}],"author":[{"embeddable":true,"href":"http:\/\/frajano.com\/simon\/informatica\/wp-json\/wp\/v2\/users\/1"}],"replies":[{"embeddable":true,"href":"http:\/\/frajano.com\/simon\/informatica\/wp-json\/wp\/v2\/comments?post=67"}],"version-history":[{"count":92,"href":"http:\/\/frajano.com\/simon\/informatica\/wp-json\/wp\/v2\/pages\/67\/revisions"}],"predecessor-version":[{"id":1731,"href":"http:\/\/frajano.com\/simon\/informatica\/wp-json\/wp\/v2\/pages\/67\/revisions\/1731"}],"wp:attachment":[{"href":"http:\/\/frajano.com\/simon\/informatica\/wp-json\/wp\/v2\/media?parent=67"}],"curies":[{"name":"wp","href":"https:\/\/api.w.org\/{rel}","templated":true}]}}