{"id":80,"date":"2013-02-06T19:20:26","date_gmt":"2013-02-06T19:20:26","guid":{"rendered":"http:\/\/colsimon.co\/?page_id=80"},"modified":"2016-03-03T18:03:37","modified_gmt":"2016-03-03T18:03:37","slug":"ejerseptimo1_1","status":"publish","type":"page","link":"http:\/\/frajano.com\/simon\/informatica\/ejerseptimo1_1\/","title":{"rendered":"ejerseptimo1_1"},"content":{"rendered":"<p>\u00abTodo lo puedo en Cristo que me da las fuerzas\u00bb Filipenses 4:13<\/p>\n<p>Queridos estudiantes bienvenidos!!<\/p>\n<p>Hoy realizaremos la siguiente actividad:<\/p>\n<ol>\n<li>Abrir Microsoft Word<\/li>\n<li>Utilizar las normas Icontec ya vistas (m\u00e1rgenes, color, tipo y tama\u00f1o de fuente)<\/li>\n<li>Los estudiantes de 701, deben leer el cuento \u00abEncuentro en el Amazonas\u00bb y escribirlo en Word, teniendo en cuenta las especificaciones dadas en cuanto a teclas especiales y el uso de la sangr\u00eda, ortograf\u00eda y puntuaci\u00f3n.<\/li>\n<li>Los estudiantes de 702, deben leer el cuento \u00abEn este pueblo no hay ladrones\u00bb<\/li>\n<li>. Tener en cuanta las especificaciones descritas anteriormente.<\/li>\n<\/ol>\n<p>Guardar en la carpeta del curso<\/p>\n<p>Muchas bendiciones<\/p>\n<p>&nbsp;<\/p>\n<p>&nbsp;<\/p>\n","protected":false},"excerpt":{"rendered":"<p>\u00abTodo lo puedo en Cristo que me da las fuerzas\u00bb Filipenses 4:13 Queridos estudiantes bienvenidos!! Hoy realizaremos la siguiente actividad: Abrir Microsoft Word Utilizar las normas Icontec ya vistas (m\u00e1rgenes, color, tipo y tama\u00f1o de fuente) Los estudiantes de 701, deben leer el cuento \u00abEncuentro en el Amazonas\u00bb y escribirlo en Word, teniendo en cuenta [&hellip;]<\/p>\n","protected":false},"author":1,"featured_media":0,"parent":0,"menu_order":0,"comment_status":"open","ping_status":"open","template":"","meta":{"footnotes":""},"_links":{"self":[{"href":"http:\/\/frajano.com\/simon\/informatica\/wp-json\/wp\/v2\/pages\/80"}],"collection":[{"href":"http:\/\/frajano.com\/simon\/informatica\/wp-json\/wp\/v2\/pages"}],"about":[{"href":"http:\/\/frajano.com\/simon\/informatica\/wp-json\/wp\/v2\/types\/page"}],"author":[{"embeddable":true,"href":"http:\/\/frajano.com\/simon\/informatica\/wp-json\/wp\/v2\/users\/1"}],"replies":[{"embeddable":true,"href":"http:\/\/frajano.com\/simon\/informatica\/wp-json\/wp\/v2\/comments?post=80"}],"version-history":[{"count":9,"href":"http:\/\/frajano.com\/simon\/informatica\/wp-json\/wp\/v2\/pages\/80\/revisions"}],"predecessor-version":[{"id":628,"href":"http:\/\/frajano.com\/simon\/informatica\/wp-json\/wp\/v2\/pages\/80\/revisions\/628"}],"wp:attachment":[{"href":"http:\/\/frajano.com\/simon\/informatica\/wp-json\/wp\/v2\/media?parent=80"}],"curies":[{"name":"wp","href":"https:\/\/api.w.org\/{rel}","templated":true}]}}