{"id":1206,"date":"2022-07-15T12:37:38","date_gmt":"2022-07-15T12:37:38","guid":{"rendered":"http:\/\/frajano.com\/simon\/informatica\/?page_id=1206"},"modified":"2025-03-06T00:55:30","modified_gmt":"2025-03-06T00:55:30","slug":"moddfd","status":"publish","type":"page","link":"https:\/\/frajano.com\/simon\/informatica\/moddfd\/","title":{"rendered":"ModDFD"},"content":{"rendered":"<p>MOD EN DFD<\/p>\n<p><strong>Objetivo<\/strong><\/p>\n<p>Aplicar condicional simple y la funci\u00f3n <strong>MOD<\/strong> para saber si un n\u00famero es m\u00faltiplo de otro.<\/p>\n<p><strong>Introducci\u00f3n<\/strong><\/p>\n<p>La funci\u00f3n <em><strong>Mod<\/strong><\/em> sirve para mostrar el residuo de una divisi\u00f3n, as\u00ed:<\/p>\n<p><a href=\"http:\/\/frajano.com\/simon\/informatica\/wp-content\/uploads\/2024\/10\/mod_2.jpg\"><img loading=\"lazy\" decoding=\"async\" class=\"alignnone size-full wp-image-1577\" src=\"http:\/\/frajano.com\/simon\/informatica\/wp-content\/uploads\/2024\/10\/mod_2.jpg\" alt=\"\" width=\"117\" height=\"107\" \/><\/a><\/p>\n<p><strong>Ejemplo:<\/strong><\/p>\n<ol>\n<li>Realizar la programaci\u00f3n para saber si un n\u00famero es <strong>par<\/strong>\u00a0 o <strong>impar<\/strong><\/li>\n<\/ol>\n<p><a href=\"http:\/\/frajano.com\/simon\/informatica\/wp-content\/uploads\/2025\/03\/mod_dfd.jpg\"><img loading=\"lazy\" decoding=\"async\" class=\"alignnone size-medium wp-image-1630\" src=\"http:\/\/frajano.com\/simon\/informatica\/wp-content\/uploads\/2025\/03\/mod_dfd-208x300.jpg\" alt=\"\" width=\"208\" height=\"300\" srcset=\"https:\/\/frajano.com\/simon\/informatica\/wp-content\/uploads\/2025\/03\/mod_dfd-208x300.jpg 208w, https:\/\/frajano.com\/simon\/informatica\/wp-content\/uploads\/2025\/03\/mod_dfd.jpg 529w\" sizes=\"(max-width: 208px) 100vw, 208px\" \/><\/a><\/p>\n<p>2. Programaci\u00f3n para saber si un n\u00famero es m\u00faltiplo de 3<\/p>\n<p>3. Teniendo en cuenta la informaci\u00f3n de MOD, organizar un programa que pida dos n\u00fameros y muestre si el primero es m\u00faltiplo del segundo<\/p>\n<p>4. Presentar en PC y en cuaderno<\/p>\n<p>MUCHO \u00c1NIMO Y BENDICIONES<\/p>\n","protected":false},"excerpt":{"rendered":"<p>MOD EN DFD Objetivo Aplicar condicional simple y la funci\u00f3n MOD para saber si un n\u00famero es m\u00faltiplo de otro. Introducci\u00f3n La funci\u00f3n Mod sirve para mostrar el residuo de una divisi\u00f3n, as\u00ed: Ejemplo: Realizar la programaci\u00f3n para saber si un n\u00famero es par\u00a0 o impar 2. Programaci\u00f3n para saber si un n\u00famero es m\u00faltiplo [&hellip;]<\/p>\n","protected":false},"author":1,"featured_media":0,"parent":0,"menu_order":0,"comment_status":"closed","ping_status":"closed","template":"","meta":{"footnotes":""},"_links":{"self":[{"href":"https:\/\/frajano.com\/simon\/informatica\/wp-json\/wp\/v2\/pages\/1206"}],"collection":[{"href":"https:\/\/frajano.com\/simon\/informatica\/wp-json\/wp\/v2\/pages"}],"about":[{"href":"https:\/\/frajano.com\/simon\/informatica\/wp-json\/wp\/v2\/types\/page"}],"author":[{"embeddable":true,"href":"https:\/\/frajano.com\/simon\/informatica\/wp-json\/wp\/v2\/users\/1"}],"replies":[{"embeddable":true,"href":"https:\/\/frajano.com\/simon\/informatica\/wp-json\/wp\/v2\/comments?post=1206"}],"version-history":[{"count":5,"href":"https:\/\/frajano.com\/simon\/informatica\/wp-json\/wp\/v2\/pages\/1206\/revisions"}],"predecessor-version":[{"id":1631,"href":"https:\/\/frajano.com\/simon\/informatica\/wp-json\/wp\/v2\/pages\/1206\/revisions\/1631"}],"wp:attachment":[{"href":"https:\/\/frajano.com\/simon\/informatica\/wp-json\/wp\/v2\/media?parent=1206"}],"curies":[{"name":"wp","href":"https:\/\/api.w.org\/{rel}","templated":true}]}}